
Is 73082449 a prime number?
False
Is 15273941 prime?
False
Is 123363791 prime?
False
Is 345684913 composite?
True
Is 151490639 a prime number?
True
Is 62244253 composite?
True
Is 1868107 a composite number?
False
Is 1681969 composite?
True
Is 78352891 prime?
False
Is 297157 prime?
False
Is 9034499 prime?
True
Is 4927277 a prime number?
False
Is 3355369 a prime number?
True
Is 145349 a composite number?
False
Is 451510817 a composite number?
False
Is 103613 prime?
True
Is 517210549 a composite number?
False
Is 11683949 a prime number?
True
Is 25920383 prime?
True
Is 613699 a prime number?
True
Is 1855061 a prime number?
False
Is 11924581 prime?
False
Is 64430071 composite?
True
Is 3046573 prime?
False
Is 128571033 a prime number?
False
Is 2715241 composite?
True
Is 90729707 a composite number?
True
Is 660342365 a composite number?
True
Is 5349299 a prime number?
True
Is 17666629 a prime number?
True
Is 2632991 a composite number?
True
Is 1809683 a composite number?
False
Is 55987 composite?
False
Is 3383641 prime?
False
Is 5778881 composite?
True
Is 2010583 a composite number?
False
Is 135285763 composite?
True
Is 23322071 composite?
True
Is 18968989 a prime number?
False
Is 2345419 prime?
False
Is 336612701 a prime number?
False
Is 808879 a composite number?
True
Is 5228679 a prime number?
False
Is 490973 a composite number?
True
Is 20151067 a composite number?
False
Is 3831131 prime?
True
Is 69538199 a composite number?
False
Is 22064897 prime?
True
Is 82994539 a composite number?
True
Is 1342757 a composite number?
True
Is 19455001 a composite number?
True
Is 367328287 a prime number?
True
Is 10286701 a composite number?
False
Is 2059073 composite?
True
Is 118949371 composite?
False
Is 30313411 prime?
True
Is 29257727 prime?
False
Is 151686473 a composite number?
False
Is 15333523 a prime number?
False
Is 66317989 a prime number?
False
Is 262266926 prime?
False
Is 923413 a composite number?
True
Is 1762622 composite?
True
Is 43367239 a prime number?
True
Is 2542849 prime?
True
Is 360318979 composite?
False
Is 914530673 prime?
False
Is 494023 composite?
False
Is 5116157 a prime number?
False
Is 588672551 a composite number?
False
Is 6935393 a prime number?
True
Is 4513921 composite?
False
Is 23272033 a prime number?
False
Is 2316799 a prime number?
False
Is 971171 a prime number?
True
Is 7655861 composite?
True
Is 586145127 a prime number?
False
Is 35239307 a prime number?
True
Is 70255721 composite?
True
Is 6693205 composite?
True
Is 113279 a composite number?
False
Is 66379151 composite?
False
Is 41507923 prime?
False
Is 7654547 composite?
True
Is 201558709 a composite number?
True
Is 38795399 a prime number?
False
Is 76197907 composite?
True
Is 33574451 composite?
False
Is 222493 a composite number?
False
Is 439441 a composite number?
False
Is 6322759 a composite number?
True
Is 20012495 a composite number?
True
Is 55312853 prime?
True
Is 1303303 prime?
False
Is 29133179 a composite number?
False
Is 48340489 prime?
True
Is 55883867 a composite number?
True
Is 61847771 a composite number?
False
Is 189426949 a composite number?
True
Is 7855559 a composite number?
True
Is 4280329 composite?
False
Is 13494461 prime?
True
Is 6772237 prime?
True
Is 33337819 prime?
True
Is 397053861 a composite number?
True
Is 6349123 prime?
False
Is 707857 a prime number?
True
Is 3790159 a composite number?
True
Is 39083773 prime?
True
Is 2384885 composite?
True
Is 3415531 a prime number?
False
Is 11506603 a prime number?
False
Is 6619069 a prime number?
False
Is 214875889 a prime number?
True
Is 48091259 composite?
False
Is 42815 prime?
False
Is 543497 prime?
True
Is 70328603 a composite number?
True
Is 1037602 prime?
False
Is 104123923 a composite number?
True
Is 70739 a prime number?
False
Is 8548039 composite?
False
Is 28323777 a prime number?
False
Is 14763431 a composite number?
False
Is 4792007 prime?
False
Is 55730261 composite?
False
Is 3181523 composite?
True
Is 481737 a prime number?
False
Is 389559719 composite?
False
Is 122123207 a prime number?
True
Is 5874419 composite?
False
Is 1589541 a prime number?
False
Is 1636909 a composite number?
False
Is 49091851 prime?
False
Is 1394083 a prime number?
True
Is 4404503 prime?
True
Is 24289901 a composite number?
False
Is 1455809 a prime number?
True
Is 7893943 composite?
False
Is 42113949 composite?
True
Is 25530415 composite?
True
Is 833531 composite?
True
Is 16149883 a composite number?
True
Is 7197251 prime?
False
Is 109202783 composite?
True
Is 4285481 composite?
False
Is 67197529 a prime number?
False
Is 13866383 a composite number?
True
Is 4846861 a prime number?
False
Is 61153849 prime?
False
Is 13368983 a prime number?
False
Is 11309671 a prime number?
False
Is 203462101 composite?
True
Is 204665529 a prime number?
False
Is 6922031 prime?
False
Is 564227 prime?
True
Is 1452413 prime?
True
Is 1993483 a prime number?
True
Is 4706833 prime?
False
Is 291911 a composite number?
True
Is 8541029 prime?
False
Is 21794329 a prime number?
False
Is 146074567 composite?
True
Is 18472303 a composite number?
True
Is 36537073 a composite number?
False
Is 13285345 a composite number?
True
Is 150058381 composite?
True
Is 406250458 prime?
False
Is 926501 a composite number?
True
Is 9979747 composite?
True
Is 18039487 a prime number?
False
Is 49297511 prime?
False
Is 60637169 a prime number?
True
Is 1023697 prime?
True
Is 7188809 composite?
False
Is 2746763 prime?
False
Is 6382093 prime?
False
Is 55726546 a composite number?
True
Is 194828471 a prime number?
False
Is 18374555 composite?
True
Is 144971 a composite number?
True
Is 764324949 a prime number?
False
Is 19558465 prime?
False
Is 8947171 a prime number?
True
Is 727032113 prime?
True
Is 4532191 composite?
False
Is 70730111 a prime number?
True
Is 611950129 a composite number?
True
Is 209802449 composite?
False
Is 97677979 prime?
False
Is 31186697 prime?
True
Is 867365 composite?
True
Is 58203653 a prime number?
True
Is 1159563 composite?
True
Is 57518863 a prime number?
False
Is 41973671 a composite number?
False
Is 20252341 composite?
False
Is 2468267 a composite number?
True
Is 36452639 a prime number?
False
Is 10909751 a composite number?
True
Is 12953701 composite?
False
Is 46893193 a prime number?
True
Is 179963669 a composite number?
True
Is 31854461 a composite number?
True
Is 40883071 composite?
False
Is 583883749 prime?
True
Is 8243591 composite?
True
Is 20304071 a prime number?
False
Is 87392093 a prime number?
True
Is 129247763 composite?
True
Is 109895117 composite?
True
Is 53340295 a prime number?
False
Is 33365809 composite?
True
Is 18053597 a prime number?
False
Is 6589603 a prime number?
False
Is 87818529 composite?
True
Is 53147 a prime number?
True
Is 6296413 a composite number?
False
Is 176418359 composite?
True
Is 945179 a composite number?
False
Is 283763 a prime number?
True
Is 22374619 composite?
False
Is 112145507 composite?
True
Is 2948059 prime?
False
Is 29808469 composite?
False
Is 252219977 composite?
False
Is 121692361 composite?
True
Is 52081061 a prime number?
True
Is 25013113 a composite number?
False
Is 4307827 composite?
False
Is 98126131 a prime number?
True
Is 114343223 composite?
False
Is 19138699 prime?
True
Is 1862087 a prime number?
True
Is 66892157 composite?
True
Is 8871041 composite?
False
Is 30873307 composite?
True
Is 21130621 composite?
True
Is 618888029 a prime number?
True
Is 11434399 composite?
True
Is 1788716053 a composite number?
False
Is 1516703 a composite number?
True
Is 26975731 composite?
False
Is 222054719 composite?
True
Is 20316169 prime?
False
Is 59930251 a prime number?
True
Is 1324214 prime?
False
Is 1370057 prime?
False
Is 1042037 a prime number?
False
Is 2818819 a prime number?
False
Is 9778889 a composite number?
False
Is 272817533 a composite number?
False
Is 11348039 a prime number?
False
Is 42838717 prime?
True
Is 696343 composite?
False
Is 2137351 composite?
False
Is 1671839 composite?
True
Is 276215 a prime number?
False
Is 199787519 a prime number?
False
Is 135667889 a prime number?
False
Is 78243898 a prime number?
False
Is 5509691 composite?
True
Is 7237817 a composite number?
False
Is 12559621 prime?
True
Is 162917303 prime?
False
Is 6846473 composite?
False
Is 161393653 prime?
F